m = t - 15. Let v be (18/12)/(2/m). Suppose 8*p - v*p = 170. What is the units digit of p?
4
Let f be 6/9 + (-30)/(-9). Let q be 1 - (2 + 0/f). Let v = q - -19. What is the units digit of v?
8
Suppose -2*v + 3*v = 0. Suppose -3*d + 0*d + 202 = 5*p, -3*d - 2*p + 196 = v. Suppose 0 = -3*c - 2*h + d, 3*h - 84 = -4*c + h. What is the units digit of c?
0
Let m(x) = 7*x**2 - x - 12. Let u be m(6). Let h = 363 - u. What is the tens digit of h?
2
Let z(j) = -2 - 3*j - 3*j**2 + 4*j**2 - 4 - 3. Let y be z(-7). Let t = y - 41. What is the tens digit of t?
2
Suppose -3909 - 3379 = -2*f + u, 0 = -2*u + 4. What is the hundreds digit of f?
6
Let p(x) be the second derivative of -x**4/12 - 11*x**3/6 - 6*x**2 - 3*x. Let d be p(-8). What is the units digit of d/(-30) + (-32)/(-5)?
6
Let p = 407 + -359. What is the tens digit of p?
4
Suppose 1 = -2*j - 5*p + 7, -3*j - p - 17 = 0. Let n(t) = t**2 - 5*t - 22. What is the tens digit of n(j)?
6
Suppose 4*y - 30 = -y. Let l(c) be the third derivative of c**5/60 - c**4/8 + 16*c**2. What is the units digit of l(y)?
8
Let s = 20 + -14. Suppose -4*x = -10*x + s. What is the units digit of x?
1
Let i = 798 + -227. What is the units digit of i?
1
Let u be (2 + 510)*(0 - -1). Suppose -143 = 9*t - u. What is the tens digit of t?
4
What is the units digit of -1 + -10 + (651 - 4)?
6
Let z(g) = -6*g + 2. Let s = 2 - 5. Let p be z(s). Let o = -11 + p. What is the units digit of o?
9
Suppose 0 = -3*p - y + 13, -4*p + 5*y - 17 = -3*p. Let v be 3*(13/p - 4). Let q = v - -25. What is the units digit of q?
6
Suppose -2*n - 5*b = -6*b - 696, -3*b - 6 = 0. Let s = n + -216. What is the units digit of s?
1
Suppose z = 5*z - 8. What is the units digit of z?
2
Suppose 0 = 5*f + 5*z - 2000, -11*f + 7*f + 1609 = z. What is the tens digit of f?
0
Let k be 1 - -2 - (6 - 0). What is the tens digit of (k + 33)*(-3)/(-9)?
1
Let j(p) = p**3 - 12*p**2 + 17*p + 12. What is the tens digit of j(11)?
7
Suppose 2*n + 2*g = -0*g + 274, 0 = 5*n + 4*g - 682. Let i = n + -70. What is the units digit of i?
4
Suppose -2*q - 1472 = -10*q. What is the tens digit of q?
8
Let q(u) = -2*u - 1. Let j be q(5). Let g be (54/(-10))/(1/(-5)). Let w = g + j. What is the units digit of w?
6
Suppose -7*c - 411 + 481 = 0. What is the tens digit of c?
1
Suppose -3*d = -d + 3*i - 1, 0 = -4*d - 2*i - 2. Let k(c) = 12*c**2 - c. What is the tens digit of k(d)?
1
Suppose 3*z = 8 + 7. Suppose 0 = -j + 14 + z. Suppose 5*c = 4*h + 18, -3*c - 7 + j = -3*h. What is the units digit of c?
2
Let m(h) = -56*h - 67. What is the hundreds digit of m(-13)?
6
Let k = -5 + 5. Suppose -2*n - 24 - 18 = 4*q, -3*n - 5*q - 59 = k. Let c = 24 + n. What is the tens digit of c?
1
Let b(n) = -n**3 - 17*n**2 + 10*n + 20. Let p be b(-17). What is the tens digit of ((-42)/35)/(4/p)?
4
Suppose -75485 - 33925 = -30*g. What is the thousands digit of g?
3
Let p(u) = -2*u**2 + 1. Suppose 0 = -0*y - 5*y - 15. Let r be p(y). Let m = r - -30. What is the tens digit of m?
1
Let p = -37 + 102. What is the units digit of p?
5
Suppose 204*t - 1235 = 199*t. What is the tens digit of t?
4
Let h(r) = 162*r**2 - r. Suppose -2*y - 23 = -25. What is the tens digit of h(y)?
6
Suppose 0 = -7*h - 0*h. What is the tens digit of 2 + h + (73 - 0/3)?
7
What is the units digit of 12/(-18) + (2 - (-1610)/3)?
8
Suppose -4*t = -5*y + 19573, -2*t + 9875 = 4*y - 5799. What is the tens digit of y?
1
Let h = 16 - 6. Suppose x - 30 = -3*x - 2*s, -h = 2*x - 4*s. Suppose -x*l - 5*q = -43 - 2, 2*q - 28 = -4*l. What is the units digit of l?
5
Let k(u) = 99*u**3 - u**2 - 11*u + 19. What is the thousands digit of k(3)?
2
Suppose 15*h - 18*h = -414. Let g = h - 63. What is the units digit of g?
5
Suppose -3*n - 3*t = 1773 - 10968, 0 = n - 3*t - 3065. What is the thousands digit of n?
3
Let c(d) = -d**2 - 9*d - 14. Let g be c(-5). What is the hundreds digit of g/39 - (-2767)/13?
2
Let h = 8 - 3. Suppose 5*w + 136 - 582 = -2*g, h*g + 370 = 4*w. Suppose b + 4*b - w = 0. What is the units digit of b?
8
Suppose 254*t - 26508 = 242*t. What is the hundreds digit of t?
2
Suppose 0*f - 3*f = -5*u - 1513, f + 3*u - 509 = 0. What is the tens digit of f?
0
Let u = 6 - -1. Suppose 0 = 4*v + 3*k, -v = -2*v + k + u. Suppose o + 18 = v*o. What is the units digit of o?
9
Let j = 1292 - 504. What is the units digit of j?
8
Let h(j) = j**3 + 28*j**2 + 27*j + 85. What is the thousands digit of h(-25)?
1
Suppose 0 = -5*f + 11*f - 1038. What is the hundreds digit of f?
1
Suppose -3*o + 4*s + 256 = 0, 5*s + 91 = 2*o - 89. What is the units digit of o + (1 + 0)*-1?
9
Let t(p) = 4*p**2 - 3*p + 35. What is the thousands digit of t(16)?
1
Suppose -1656 = 219*f - 222*f. What is the hundreds digit of f?
5
Let t = 12 - 13. Let v be 1 + (t - (1 + -5)). What is the tens digit of 54/v - 2/4?
1
Suppose -2*o = 4*i + 218, 4*i + 179 = 4*o - 33. Let f = 136 + i. What is the tens digit of f?
8
Suppose -4*h - r - 558 = -2115, 5*h = -4*r + 1938. What is the units digit of h?
0
Let j be (-2)/4 - (-121)/2. Let o(s) = -6*s**2 + s + 63. Let t be o(0). Suppose -3*k = -j - t. What is the tens digit of k?
4
Let r = -7042 + 9896. What is the tens digit of r?
5
What is the tens digit of -29*(-63)/6 + 24/(-48)?
0
Let i be (-4)/(-2)*(-33)/22. Let o be (i/(-4))/((-8)/(-160)). Suppose -2*a = -3*s - 75, o = a - 0*a + 3*s. What is the tens digit of a?
3
Suppose c + c - 50 = 3*s, 0 = 3*s + 2*c + 34. Let p = -9 - s. Suppose -2*n + 5 = -p. What is the units digit of n?
5
Let m be 8/4 - (-1)/3*0. Suppose 6*t + 206 = m*s + 3*t, s + 4*t - 81 = 0. What is the tens digit of s?
9
Let r(q) = 3*q**2 + 17*q - 26. What is the tens digit of r(-14)?
2
Let s = -95 + 183. What is the tens digit of s?
8
What is the hundreds digit of (0 - -303)/((-99)/(-363))?
1
Let p = 959 - -26. What is the tens digit of p?
8
Let r be (74 - -7) + (1 - 4). Suppose -26 = c - r. What is the tens digit of c?
5
Let x = 34 - -80. Let d = x - 30. What is the tens digit of 3430/d - 2/(-12)?
4
Let w(v) = v**3 - 4*v**2 + 4*v. Let k be w(3). Suppose 5*y + 4*r - 97 = 0, k = 5*r - 4*r. What is the units digit of y*(-2 - (-2 + -1))?
7
Let u(w) = 5*w**3 + 6*w**2 - 4*w - 7. What is the tens digit of u(5)?
4
Let c = 34 - 19. Suppose 9 = 2*y - 7. Suppose -5*x = -y*x + c. What is the units digit of x?
5
Let c be ((-2)/(-5))/((-12)/300). Let b be (-3 - 2)*(-128)/c. Let g = b - -112. What is the tens digit of g?
4
Let z = 249 - 106. What is the tens digit of z?
4
Let x(a) = -a**3 - 24*a**2 + 94*a - 5. What is the hundreds digit of x(-28)?
4
Let y(i) = 24*i + 32. Let x be y(13). What is the tens digit of -3*x/(-12) + 1?
8
Let k = 22 + -19. Suppose -5*z + 10*z = 15. Suppose z*a = k*m + m + 70, 2*m = 10. What is the tens digit of a?
3
Let d(n) = 192*n**2 + 39*n - 13. What is the tens digit of d(-5)?
9
Let o be ((-2)/10)/(16/(-400)). Suppose -20 = 5*n, 194 = o*d + 2*n + 2*n. What is the units digit of d?
2
Suppose 17 = 5*z + 7. Suppose -z*v = v - 4*q - 89, 5*v + 3*q - 129 = 0. What is the units digit of v?
7
Let c = -474 + 829. What is the tens digit of c?
5
What is the units digit of (8/22)/(140/1215830)?
8
Let p(o) = -27*o**2 + 1 + 1 - 20*o + 0 + 26*o**2. What is the tens digit of p(-17)?
5
Suppose 0 = 7*y - 2*y - 3*o - 521, 2*y + o = 215. What is the units digit of y?
6
Let l = -21 - -25. Suppose -3*x + 1 = 4*v - 8, -x = -l*v + 13. Suppose -v*c = -3*k - 162, -c + 60 = k + 2. What is the units digit of c?
6
Let q(t) = 2*t. Let n be q(7). Suppose -5*s - d + n = -30, -5*d + 20 = 0. What is the units digit of s?
8
Let p(i) = -i**3 + 12*i**2 + 13*i + 34. What is the tens digit of p(13)?
3
Let o(x) = -x**3 - 10*x**2 - 7*x + 14. Let l be o(-10). Suppose -3*t + l = -228. What is the hundreds digit of t?
1
Let z(v) = -v**3 - 4*v**2 + 3*v. Let i be z(-5). Suppose 3*o = i*o - 182. What is the tens digit of o?
2
Suppose 38 = 4*y + n, 30 = 4*y - 5*n - 20. Let u = 2 - y. What is the units digit of (-3)/((u/(-4))/(-2))?
3
Suppose 1 - 16 = -5*a. Suppose 57 + a = 6*u. What is the units digit of u?
0
Let a(y) = y**3 - 10*y**2 + 12. Let v be a(10). Let s = v + -46. Let t = -29 - s. What is the units digit of t?
5
Suppose 2*r - k + 1 = 2, -3*k = r + 17. Let z(u) = -2*u**3 - 4*u**2 - 2*u + 4. What is the units digit of z(r)?
8
Suppose 21284 = 11*t + 2210. What is the hu